{"id":235,"date":"2010-11-26T06:17:12","date_gmt":"2010-11-26T05:17:12","guid":{"rendered":"http:\/\/heimatvereinbersenbrueck.de\/wordpress\/?page_id=235"},"modified":"2024-05-15T16:07:27","modified_gmt":"2024-05-15T14:07:27","slug":"links","status":"publish","type":"page","link":"https:\/\/heimatvereinbersenbrueck.de\/wordpress\/kontakt\/links\/","title":{"rendered":"Links"},"content":{"rendered":"\n<h1 class=\"wp-block-heading\">&nbsp;<\/h1>\n\n\n\n<h1 class=\"wp-block-heading\"><em><strong>Wissenswertes und Informationen<\/strong><\/em><\/h1>\n\n\n\n<p class=\"has-text-align-center\"><\/p>\n\n\n\n<div class=\"wp-block-columns is-layout-flex wp-container-core-columns-is-layout-9d6595d7 wp-block-columns-is-layout-flex\">\n<div class=\"wp-block-column is-layout-flow wp-block-column-is-layout-flow\" style=\"flex-basis:33.33%\">\n<figure class=\"wp-block-image size-full is-resized\"><a href=\"https:\/\/www.khb-bsb.de\/\"><img loading=\"lazy\" decoding=\"async\" width=\"380\" height=\"117\" src=\"https:\/\/heimatvereinbersenbrueck.de\/wordpress\/wp-content\/uploads\/2024\/05\/Logo-SchriftzKHBB-jpg-382w.webp\" alt=\"\" class=\"wp-image-2870\" style=\"width:237px;height:auto\"\/><\/a><\/figure>\n<\/div>\n\n\n\n<div class=\"wp-block-column is-layout-flow wp-block-column-is-layout-flow\" style=\"flex-basis:66.66%\">\n<div class=\"wp-block-group\"><div class=\"wp-block-group__inner-container is-layout-constrained wp-block-group-is-layout-constrained\">\n<p class=\"has-normal-font-size\"><strong>Gemeinsam viel bewegen!<\/strong><\/p>\n<\/div><\/div>\n\n\n\n<p><strong>Ist unser Leitbild, an dem wir unsere Arbeit im Bereich der Heimatpflege ausrichten.<\/strong><\/p>\n\n\n\n<p>&#8230;wir f\u00f6rdern und erforschen die Geschichten, Sitten und&nbsp; Br\u00e4uche im Bersenbr\u00fccker Land<\/p>\n\n\n\n<p>&#8230; wir unterst\u00fctzen den Natur-, Landschafts- und&nbsp; Denkmalschutz<\/p>\n\n\n\n<p>&#8230;wir f\u00f6rdern die plattdeutsche Sprache<\/p>\n\n\n\n<p>&#8230;wir stellen Wander- und&nbsp; Radfahrm\u00f6glichkeiten bereit<\/p>\n\n\n\n<p>&#8230;wir unterst\u00fctzen kulturelle Einrichtungen wie das &#8222;Museum im Kloster&#8220; Bersenbr\u00fcck<\/p>\n\n\n\n<p>&#8230;und wir geben Heimatliteratur heraus und sichern Text und&nbsp; Tondokumente<\/p>\n<\/div>\n<\/div>\n\n\n\n<div class=\"wp-block-columns is-layout-flex wp-container-core-columns-is-layout-9d6595d7 wp-block-columns-is-layout-flex\">\n<div class=\"wp-block-column is-layout-flow wp-block-column-is-layout-flow\">\n<figure class=\"wp-block-image size-full\"><a href=\"https:\/\/www.wiehengebirgsverband-weser-ems.de\/\"><img loading=\"lazy\" decoding=\"async\" width=\"280\" height=\"140\" src=\"https:\/\/heimatvereinbersenbrueck.de\/wordpress\/wp-content\/uploads\/2024\/05\/Logo-Wiehengebirgsverband-Wester-Ems-e.v.jpg\" alt=\"\" class=\"wp-image-2868\" style=\"object-fit:cover\"\/><\/a><\/figure>\n<\/div>\n\n\n\n<div class=\"wp-block-column is-layout-flow wp-block-column-is-layout-flow\">\n<p>Wir freuen uns, dass&nbsp;Sie&nbsp;hier vorbeischauen!<\/p>\n\n\n\n<p>Hier sind Sie richtig, wenn Sie sich f\u00fcr&nbsp;<strong>Wandern<\/strong>,&nbsp;<strong>Naturschutz<\/strong>&nbsp;und&nbsp;<strong>Heimatthemen<\/strong>&nbsp;interessieren!<\/p>\n\n\n\n<p>Wir, der&nbsp;<strong>Wiehengebirgsverband Weser-Ems e.V.,<\/strong>&nbsp;sind ein traditionsreicher&nbsp;<a href=\"https:\/\/www.wiehengebirgsverband-weser-ems.de\/der-verband\/\" class=\"\"><strong>Verband<\/strong><\/a>&nbsp;mit Sitz in&nbsp;<strong>Osnabr\u00fcck<\/strong>&nbsp;im&nbsp;<strong>Nordwesten Deutschlands<\/strong>&nbsp;mit \u00fcber 80 Mitgliedsvereinen und vielen engagierten, wanderbegeisterten Menschen aller Altersgruppen und Interessen.<\/p>\n\n\n\n<p>Unser Verbandsgebiet erstreckt sich vom sch\u00f6nen&nbsp;<strong>N\u00f6rdlichen Teutoburger Wald<\/strong>&nbsp;bis nach&nbsp;<strong>Ostfriesland.<\/strong>&nbsp;Von der Nordsee \u00fcber den Geestr\u00fccken, durch Moore bis zum Wiehengebirge durchziehen unsere&nbsp;<a href=\"https:\/\/www.wiehengebirgsverband-weser-ems.de\/termine\/wanderwege\/\" class=\"\"><strong>Wanderwege<\/strong><\/a>&nbsp;den Nordwesten wie ein Netz.<\/p>\n<\/div>\n<\/div>\n\n\n\n<div class=\"wp-block-columns is-layout-flex wp-container-core-columns-is-layout-9d6595d7 wp-block-columns-is-layout-flex\">\n<div class=\"wp-block-column is-layout-flow wp-block-column-is-layout-flow\">\n<figure class=\"wp-block-image size-full is-resized\"><a href=\"https:\/\/www.muehlenland-niedersachsen.de\/\"><img loading=\"lazy\" decoding=\"async\" width=\"300\" height=\"148\" src=\"https:\/\/heimatvereinbersenbrueck.de\/wordpress\/wp-content\/uploads\/2024\/05\/csm_MVNB_Logo_HD_8b52d36c25.png\" alt=\"\" class=\"wp-image-2871\" style=\"width:300px\"\/><\/a><\/figure>\n<\/div>\n\n\n\n<div class=\"wp-block-column is-layout-flow wp-block-column-is-layout-flow\">\n<h1 class=\"wp-block-heading\">Niedersachsen und Bremen sind M\u00fchlenl\u00e4nder<\/h1>\n\n\n\n<p>Wir begr\u00fc\u00dfen Sie auf unserer Homepage. Sie finden hier Informationen zu den Aktivit\u00e4ten unserer Landesm\u00fchlenvereinigung. Wir m\u00f6chten Sie \u00fcber unsere verschiedenen Arbeitsfelder informieren und laden Sie herzlich ein, uns beim Erhalt dieser bemerkenswerten M\u00fchlen aus vergangener Zeit zu unterst\u00fctzen. In keiner Region der Bundesrepublik Deutschland gibt es eine solche F\u00fclle unterschiedlicher M\u00fchlentypen, wie in Niedersachsen und Bremen.<\/p>\n<\/div>\n<\/div>\n\n\n\n<div class=\"wp-block-columns is-layout-flex wp-container-core-columns-is-layout-9d6595d7 wp-block-columns-is-layout-flex\">\n<div class=\"wp-block-column is-layout-flow wp-block-column-is-layout-flow\">\n<figure class=\"wp-block-image size-full\"><a href=\"https:\/\/www.bersenbrueck-verbindet.de\/\"><img loading=\"lazy\" decoding=\"async\" width=\"300\" height=\"100\" src=\"https:\/\/heimatvereinbersenbrueck.de\/wordpress\/wp-content\/uploads\/2024\/05\/ABSB-Logo-horizontal-300x100px.jpg\" alt=\"\" class=\"wp-image-2880\"\/><\/a><\/figure>\n<\/div>\n\n\n\n<div class=\"wp-block-column is-layout-flow wp-block-column-is-layout-flow\">\n<p>Die F\u00f6rdergemeinschaft Aktuelles Bersenbr\u00fcck e.V. st\u00e4rkt den kulturellen und wirtschaftlichen Mehrwert in der Stadt.<\/p>\n<\/div>\n<\/div>\n\n\n\n<div class=\"wp-block-columns is-layout-flex wp-container-core-columns-is-layout-9d6595d7 wp-block-columns-is-layout-flex\">\n<div class=\"wp-block-column is-layout-flow wp-block-column-is-layout-flow\">\n<figure class=\"wp-block-image size-full\"><a href=\"https:\/\/sgbsb.de\/\"><img loading=\"lazy\" decoding=\"async\" width=\"695\" height=\"197\" src=\"https:\/\/heimatvereinbersenbrueck.de\/wordpress\/wp-content\/uploads\/2024\/05\/LOGO_SGBSB.jpg\" alt=\"\" class=\"wp-image-2898\" srcset=\"https:\/\/heimatvereinbersenbrueck.de\/wordpress\/wp-content\/uploads\/2024\/05\/LOGO_SGBSB.jpg 695w, https:\/\/heimatvereinbersenbrueck.de\/wordpress\/wp-content\/uploads\/2024\/05\/LOGO_SGBSB-620x176.jpg 620w\" sizes=\"auto, (max-width: 695px) 100vw, 695px\" \/><\/a><\/figure>\n<\/div>\n\n\n\n<div class=\"wp-block-column is-layout-flow wp-block-column-is-layout-flow\">\n<p>Informationen aus der<br>Samtgemeinde Bersenbr\u00fcck <\/p>\n<\/div>\n<\/div>\n\n\n\n<p>klicke auf die Logos &#8211; um zu den Webseiten zu gelangen!<\/p>\n","protected":false},"excerpt":{"rendered":"<p>&nbsp; Wissenswertes und Informationen Gemeinsam viel bewegen! Ist unser Leitbild, an dem wir unsere Arbeit im Bereich der Heimatpflege ausrichten. &#8230;wir f\u00f6rdern und erforschen die Geschichten, Sitten und&nbsp; Br\u00e4uche im Bersenbr\u00fccker Land &#8230; wir unterst\u00fctzen den Natur-, Landschafts- und&nbsp; Denkmalschutz &#8230;wir f\u00f6rdern die plattdeutsche Sprache &#8230;wir stellen Wander- und&nbsp; Radfahrm\u00f6glichkeiten bereit &#8230;wir unterst\u00fctzen kulturelle Einrichtungen wie das &#8222;Museum im Kloster&#8220; <a class=\"more-link\" href=\"https:\/\/heimatvereinbersenbrueck.de\/wordpress\/kontakt\/links\/\">&lt;weiterlesen&#8230;<\/a><\/p>\n","protected":false},"author":3,"featured_media":0,"parent":66,"menu_order":5,"comment_status":"closed","ping_status":"closed","template":"","meta":{"pgc_sgb_lightbox_settings":"","_EventAllDay":false,"_EventTimezone":"","_EventStartDate":"","_EventEndDate":"","_EventStartDateUTC":"","_EventEndDateUTC":"","_EventShowMap":false,"_EventShowMapLink":false,"_EventURL":"","_EventCost":"","_EventCostDescription":"","_EventCurrencySymbol":"","_EventCurrencyCode":"","_EventCurrencyPosition":"","_EventDateTimeSeparator":"","_EventTimeRangeSeparator":"","_EventOrganizerID":[],"_EventVenueID":[],"_OrganizerEmail":"","_OrganizerPhone":"","_OrganizerWebsite":"","_VenueAddress":"","_VenueCity":"","_VenueCountry":"","_VenueProvince":"","_VenueState":"","_VenueZip":"","_VenuePhone":"","_VenueURL":"","_VenueStateProvince":"","_VenueLat":"","_VenueLng":"","_VenueShowMap":false,"_VenueShowMapLink":false,"footnotes":""},"class_list":["post-235","page","type-page","status-publish","hentry"],"_links":{"self":[{"href":"https:\/\/heimatvereinbersenbrueck.de\/wordpress\/wp-json\/wp\/v2\/pages\/235","targetHints":{"allow":["GET"]}}],"collection":[{"href":"https:\/\/heimatvereinbersenbrueck.de\/wordpress\/wp-json\/wp\/v2\/pages"}],"about":[{"href":"https:\/\/heimatvereinbersenbrueck.de\/wordpress\/wp-json\/wp\/v2\/types\/page"}],"author":[{"embeddable":true,"href":"https:\/\/heimatvereinbersenbrueck.de\/wordpress\/wp-json\/wp\/v2\/users\/3"}],"replies":[{"embeddable":true,"href":"https:\/\/heimatvereinbersenbrueck.de\/wordpress\/wp-json\/wp\/v2\/comments?post=235"}],"version-history":[{"count":33,"href":"https:\/\/heimatvereinbersenbrueck.de\/wordpress\/wp-json\/wp\/v2\/pages\/235\/revisions"}],"predecessor-version":[{"id":2903,"href":"https:\/\/heimatvereinbersenbrueck.de\/wordpress\/wp-json\/wp\/v2\/pages\/235\/revisions\/2903"}],"up":[{"embeddable":true,"href":"https:\/\/heimatvereinbersenbrueck.de\/wordpress\/wp-json\/wp\/v2\/pages\/66"}],"wp:attachment":[{"href":"https:\/\/heimatvereinbersenbrueck.de\/wordpress\/wp-json\/wp\/v2\/media?parent=235"}],"curies":[{"name":"wp","href":"https:\/\/api.w.org\/{rel}","templated":true}]}}

<h1 class="wp-block-heading">&nbsp;</h1>



<h1 class="wp-block-heading"><em><strong>Wissenswertes und Informationen</strong></em></h1>



<p class="has-text-align-center"></p>



<div class="wp-block-columns is-layout-flex wp-container-core-columns-is-layout-9d6595d7 wp-block-columns-is-layout-flex">
<div class="wp-block-column is-layout-flow wp-block-column-is-layout-flow" style="flex-basis:33.33%">
<figure class="wp-block-image size-full is-resized"><a href="https://www.khb-bsb.de/"><img loading="lazy" decoding="async" width="380" height="117" src="https://heimatvereinbersenbrueck.de/wordpress/wp-content/uploads/2024/05/Logo-SchriftzKHBB-jpg-382w.webp" alt="" class="wp-image-2870" style="width:237px;height:auto"/></a></figure>
</div>



<div class="wp-block-column is-layout-flow wp-block-column-is-layout-flow" style="flex-basis:66.66%">
<div class="wp-block-group"><div class="wp-block-group__inner-container is-layout-constrained wp-block-group-is-layout-constrained">
<p class="has-normal-font-size"><strong>Gemeinsam viel bewegen!</strong></p>
</div></div>



<p><strong>Ist unser Leitbild, an dem wir unsere Arbeit im Bereich der Heimatpflege ausrichten.</strong></p>



<p>&#8230;wir fördern und erforschen die Geschichten, Sitten und&nbsp; Bräuche im Bersenbrücker Land</p>



<p>&#8230; wir unterstützen den Natur-, Landschafts- und&nbsp; Denkmalschutz</p>



<p>&#8230;wir fördern die plattdeutsche Sprache</p>



<p>&#8230;wir stellen Wander- und&nbsp; Radfahrmöglichkeiten bereit</p>



<p>&#8230;wir unterstützen kulturelle Einrichtungen wie das &#8222;Museum im Kloster&#8220; Bersenbrück</p>



<p>&#8230;und wir geben Heimatliteratur heraus und sichern Text und&nbsp; Tondokumente</p>
</div>
</div>



<div class="wp-block-columns is-layout-flex wp-container-core-columns-is-layout-9d6595d7 wp-block-columns-is-layout-flex">
<div class="wp-block-column is-layout-flow wp-block-column-is-layout-flow">
<figure class="wp-block-image size-full"><a href="https://www.wiehengebirgsverband-weser-ems.de/"><img loading="lazy" decoding="async" width="280" height="140" src="https://heimatvereinbersenbrueck.de/wordpress/wp-content/uploads/2024/05/Logo-Wiehengebirgsverband-Wester-Ems-e.v.jpg" alt="" class="wp-image-2868" style="object-fit:cover"/></a></figure>
</div>



<div class="wp-block-column is-layout-flow wp-block-column-is-layout-flow">
<p>Wir freuen uns, dass&nbsp;Sie&nbsp;hier vorbeischauen!</p>



<p>Hier sind Sie richtig, wenn Sie sich für&nbsp;<strong>Wandern</strong>,&nbsp;<strong>Naturschutz</strong>&nbsp;und&nbsp;<strong>Heimatthemen</strong>&nbsp;interessieren!</p>



<p>Wir, der&nbsp;<strong>Wiehengebirgsverband Weser-Ems e.V.,</strong>&nbsp;sind ein traditionsreicher&nbsp;<a href="https://www.wiehengebirgsverband-weser-ems.de/der-verband/" class=""><strong>Verband</strong></a>&nbsp;mit Sitz in&nbsp;<strong>Osnabrück</strong>&nbsp;im&nbsp;<strong>Nordwesten Deutschlands</strong>&nbsp;mit über 80 Mitgliedsvereinen und vielen engagierten, wanderbegeisterten Menschen aller Altersgruppen und Interessen.</p>



<p>Unser Verbandsgebiet erstreckt sich vom schönen&nbsp;<strong>Nördlichen Teutoburger Wald</strong>&nbsp;bis nach&nbsp;<strong>Ostfriesland.</strong>&nbsp;Von der Nordsee über den Geestrücken, durch Moore bis zum Wiehengebirge durchziehen unsere&nbsp;<a href="https://www.wiehengebirgsverband-weser-ems.de/termine/wanderwege/" class=""><strong>Wanderwege</strong></a>&nbsp;den Nordwesten wie ein Netz.</p>
</div>
</div>



<div class="wp-block-columns is-layout-flex wp-container-core-columns-is-layout-9d6595d7 wp-block-columns-is-layout-flex">
<div class="wp-block-column is-layout-flow wp-block-column-is-layout-flow">
<figure class="wp-block-image size-full is-resized"><a href="https://www.muehlenland-niedersachsen.de/"><img loading="lazy" decoding="async" width="300" height="148" src="https://heimatvereinbersenbrueck.de/wordpress/wp-content/uploads/2024/05/csm_MVNB_Logo_HD_8b52d36c25.png" alt="" class="wp-image-2871" style="width:300px"/></a></figure>
</div>



<div class="wp-block-column is-layout-flow wp-block-column-is-layout-flow">
<h1 class="wp-block-heading">Niedersachsen und Bremen sind Mühlenländer</h1>



<p>Wir begrüßen Sie auf unserer Homepage. Sie finden hier Informationen zu den Aktivitäten unserer Landesmühlenvereinigung. Wir möchten Sie über unsere verschiedenen Arbeitsfelder informieren und laden Sie herzlich ein, uns beim Erhalt dieser bemerkenswerten Mühlen aus vergangener Zeit zu unterstützen. In keiner Region der Bundesrepublik Deutschland gibt es eine solche Fülle unterschiedlicher Mühlentypen, wie in Niedersachsen und Bremen.</p>
</div>
</div>



<div class="wp-block-columns is-layout-flex wp-container-core-columns-is-layout-9d6595d7 wp-block-columns-is-layout-flex">
<div class="wp-block-column is-layout-flow wp-block-column-is-layout-flow">
<figure class="wp-block-image size-full"><a href="https://www.bersenbrueck-verbindet.de/"><img loading="lazy" decoding="async" width="300" height="100" src="https://heimatvereinbersenbrueck.de/wordpress/wp-content/uploads/2024/05/ABSB-Logo-horizontal-300x100px.jpg" alt="" class="wp-image-2880"/></a></figure>
</div>



<div class="wp-block-column is-layout-flow wp-block-column-is-layout-flow">
<p>Die Fördergemeinschaft Aktuelles Bersenbrück e.V. stärkt den kulturellen und wirtschaftlichen Mehrwert in der Stadt.</p>
</div>
</div>



<div class="wp-block-columns is-layout-flex wp-container-core-columns-is-layout-9d6595d7 wp-block-columns-is-layout-flex">
<div class="wp-block-column is-layout-flow wp-block-column-is-layout-flow">
<figure class="wp-block-image size-full"><a href="https://sgbsb.de/"><img loading="lazy" decoding="async" width="695" height="197" src="https://heimatvereinbersenbrueck.de/wordpress/wp-content/uploads/2024/05/LOGO_SGBSB.jpg" alt="" class="wp-image-2898" srcset="https://heimatvereinbersenbrueck.de/wordpress/wp-content/uploads/2024/05/LOGO_SGBSB.jpg 695w, https://heimatvereinbersenbrueck.de/wordpress/wp-content/uploads/2024/05/LOGO_SGBSB-620x176.jpg 620w" sizes="auto, (max-width: 695px) 100vw, 695px" /></a></figure>
</div>



<div class="wp-block-column is-layout-flow wp-block-column-is-layout-flow">
<p>Informationen aus der<br>Samtgemeinde Bersenbrück </p>
</div>
</div>



<p>klicke auf die Logos &#8211; um zu den Webseiten zu gelangen!</p>

<p>&nbsp; Wissenswertes und Informationen Gemeinsam viel bewegen! Ist unser Leitbild, an dem wir unsere Arbeit im Bereich der Heimatpflege ausrichten. &#8230;wir fördern und erforschen die Geschichten, Sitten und&nbsp; Bräuche im Bersenbrücker Land &#8230; wir unterstützen den Natur-, Landschafts- und&nbsp; Denkmalschutz &#8230;wir fördern die plattdeutsche Sprache &#8230;wir stellen Wander- und&nbsp; Radfahrmöglichkeiten bereit &#8230;wir unterstützen kulturelle Einrichtungen wie das &#8222;Museum im Kloster&#8220; <a class="more-link" href="https://heimatvereinbersenbrueck.de/wordpress/kontakt/links/">&lt;weiterlesen&#8230;</a></p>
