{"id":2782,"date":"2024-05-13T14:41:03","date_gmt":"2024-05-13T12:41:03","guid":{"rendered":"https:\/\/heimatvereinbersenbrueck.de\/wordpress\/?page_id=2782"},"modified":"2025-08-23T09:58:47","modified_gmt":"2025-08-23T07:58:47","slug":"maibaum-aufstellen-2024","status":"publish","type":"page","link":"https:\/\/heimatvereinbersenbrueck.de\/wordpress\/home-2\/inhalt-fuer-startseite-2024\/maibaum-aufstellen-2024\/","title":{"rendered":"Maibaum aufstellen 2024"},"content":{"rendered":"\n<figure class=\"wp-block-image size-large\"><a href=\"https:\/\/heimatvereinbersenbrueck.de\/wordpress\/wp-content\/uploads\/2024\/05\/Heimatverein-Maibaum-aufstellen.Foto-R.Rehkamp-21-scaled.jpg\"><img loading=\"lazy\" decoding=\"async\" width=\"960\" height=\"720\" src=\"https:\/\/heimatvereinbersenbrueck.de\/wordpress\/wp-content\/uploads\/2024\/05\/Heimatverein-Maibaum-aufstellen.Foto-R.Rehkamp-21-960x720.jpg\" alt=\"\" class=\"wp-image-2793\" srcset=\"https:\/\/heimatvereinbersenbrueck.de\/wordpress\/wp-content\/uploads\/2024\/05\/Heimatverein-Maibaum-aufstellen.Foto-R.Rehkamp-21-960x720.jpg 960w, https:\/\/heimatvereinbersenbrueck.de\/wordpress\/wp-content\/uploads\/2024\/05\/Heimatverein-Maibaum-aufstellen.Foto-R.Rehkamp-21-620x465.jpg 620w, https:\/\/heimatvereinbersenbrueck.de\/wordpress\/wp-content\/uploads\/2024\/05\/Heimatverein-Maibaum-aufstellen.Foto-R.Rehkamp-21-768x576.jpg 768w, https:\/\/heimatvereinbersenbrueck.de\/wordpress\/wp-content\/uploads\/2024\/05\/Heimatverein-Maibaum-aufstellen.Foto-R.Rehkamp-21-1536x1152.jpg 1536w, https:\/\/heimatvereinbersenbrueck.de\/wordpress\/wp-content\/uploads\/2024\/05\/Heimatverein-Maibaum-aufstellen.Foto-R.Rehkamp-21-2048x1536.jpg 2048w, https:\/\/heimatvereinbersenbrueck.de\/wordpress\/wp-content\/uploads\/2024\/05\/Heimatverein-Maibaum-aufstellen.Foto-R.Rehkamp-21-350x263.jpg 350w, https:\/\/heimatvereinbersenbrueck.de\/wordpress\/wp-content\/uploads\/2024\/05\/Heimatverein-Maibaum-aufstellen.Foto-R.Rehkamp-21-780x586.jpg 780w, https:\/\/heimatvereinbersenbrueck.de\/wordpress\/wp-content\/uploads\/2024\/05\/Heimatverein-Maibaum-aufstellen.Foto-R.Rehkamp-21-250x188.jpg 250w\" sizes=\"auto, (max-width: 960px) 100vw, 960px\" \/><\/a><\/figure>\n\n\n\n<p>Der Heimatverein Bersenbr\u00fcck pflegt unter anderem auch die Tradition des Maibaum Aufstellen in Verbindung mit einem geselligen Abend mit Musik f\u00fcr die Bev\u00f6lkerung in Bersenbr\u00fcck       <\/p>\n\n\n\n<p><\/p>\n\n\n\n<p><\/p>\n\n\n\n<p><\/p>\n\n\n\n<p><\/p>\n\n\n\n<p><\/p>\n\n\n\n<p><\/p>\n\n\n\n<h2 class=\"wp-block-heading\">Impressionen vom Maibaum aufstellen 2024<\/h2>\n\n\n\n<figure class=\"wp-block-gallery has-nested-images columns-default is-cropped wp-block-gallery-1 is-layout-flex wp-block-gallery-is-layout-flex\">\n<figure class=\"wp-block-image size-large\"><a href=\"https:\/\/heimatvereinbersenbrueck.de\/wordpress\/wp-content\/uploads\/2024\/05\/Heimatverein-Maibaum-aufstellen.Foto-R.Rehkamp-19-scaled.jpg\"><img loading=\"lazy\" decoding=\"async\" width=\"960\" height=\"720\" data-id=\"2786\" src=\"https:\/\/heimatvereinbersenbrueck.de\/wordpress\/wp-content\/uploads\/2024\/05\/Heimatverein-Maibaum-aufstellen.Foto-R.Rehkamp-19-960x720.jpg\" alt=\"\" class=\"wp-image-2786\" srcset=\"https:\/\/heimatvereinbersenbrueck.de\/wordpress\/wp-content\/uploads\/2024\/05\/Heimatverein-Maibaum-aufstellen.Foto-R.Rehkamp-19-960x720.jpg 960w, https:\/\/heimatvereinbersenbrueck.de\/wordpress\/wp-content\/uploads\/2024\/05\/Heimatverein-Maibaum-aufstellen.Foto-R.Rehkamp-19-620x465.jpg 620w, https:\/\/heimatvereinbersenbrueck.de\/wordpress\/wp-content\/uploads\/2024\/05\/Heimatverein-Maibaum-aufstellen.Foto-R.Rehkamp-19-768x576.jpg 768w, https:\/\/heimatvereinbersenbrueck.de\/wordpress\/wp-content\/uploads\/2024\/05\/Heimatverein-Maibaum-aufstellen.Foto-R.Rehkamp-19-1536x1152.jpg 1536w, https:\/\/heimatvereinbersenbrueck.de\/wordpress\/wp-content\/uploads\/2024\/05\/Heimatverein-Maibaum-aufstellen.Foto-R.Rehkamp-19-2048x1536.jpg 2048w, https:\/\/heimatvereinbersenbrueck.de\/wordpress\/wp-content\/uploads\/2024\/05\/Heimatverein-Maibaum-aufstellen.Foto-R.Rehkamp-19-350x263.jpg 350w, https:\/\/heimatvereinbersenbrueck.de\/wordpress\/wp-content\/uploads\/2024\/05\/Heimatverein-Maibaum-aufstellen.Foto-R.Rehkamp-19-780x586.jpg 780w, https:\/\/heimatvereinbersenbrueck.de\/wordpress\/wp-content\/uploads\/2024\/05\/Heimatverein-Maibaum-aufstellen.Foto-R.Rehkamp-19-250x188.jpg 250w\" sizes=\"auto, (max-width: 960px) 100vw, 960px\" \/><\/a><figcaption class=\"wp-element-caption\">1 <br><\/figcaption><\/figure>\n\n\n\n<figure class=\"wp-block-image size-large\"><a href=\"https:\/\/heimatvereinbersenbrueck.de\/wordpress\/wp-content\/uploads\/2024\/05\/Heimatverein-Maibaum-aufstellen.Foto-R.Rehkamp-58-scaled.jpg\"><img loading=\"lazy\" decoding=\"async\" width=\"960\" height=\"720\" data-id=\"2799\" src=\"https:\/\/heimatvereinbersenbrueck.de\/wordpress\/wp-content\/uploads\/2024\/05\/Heimatverein-Maibaum-aufstellen.Foto-R.Rehkamp-58-960x720.jpg\" alt=\"\" class=\"wp-image-2799\" srcset=\"https:\/\/heimatvereinbersenbrueck.de\/wordpress\/wp-content\/uploads\/2024\/05\/Heimatverein-Maibaum-aufstellen.Foto-R.Rehkamp-58-960x720.jpg 960w, https:\/\/heimatvereinbersenbrueck.de\/wordpress\/wp-content\/uploads\/2024\/05\/Heimatverein-Maibaum-aufstellen.Foto-R.Rehkamp-58-620x465.jpg 620w, https:\/\/heimatvereinbersenbrueck.de\/wordpress\/wp-content\/uploads\/2024\/05\/Heimatverein-Maibaum-aufstellen.Foto-R.Rehkamp-58-768x576.jpg 768w, https:\/\/heimatvereinbersenbrueck.de\/wordpress\/wp-content\/uploads\/2024\/05\/Heimatverein-Maibaum-aufstellen.Foto-R.Rehkamp-58-1536x1152.jpg 1536w, https:\/\/heimatvereinbersenbrueck.de\/wordpress\/wp-content\/uploads\/2024\/05\/Heimatverein-Maibaum-aufstellen.Foto-R.Rehkamp-58-2048x1536.jpg 2048w, https:\/\/heimatvereinbersenbrueck.de\/wordpress\/wp-content\/uploads\/2024\/05\/Heimatverein-Maibaum-aufstellen.Foto-R.Rehkamp-58-350x263.jpg 350w, https:\/\/heimatvereinbersenbrueck.de\/wordpress\/wp-content\/uploads\/2024\/05\/Heimatverein-Maibaum-aufstellen.Foto-R.Rehkamp-58-780x586.jpg 780w, https:\/\/heimatvereinbersenbrueck.de\/wordpress\/wp-content\/uploads\/2024\/05\/Heimatverein-Maibaum-aufstellen.Foto-R.Rehkamp-58-250x188.jpg 250w\" sizes=\"auto, (max-width: 960px) 100vw, 960px\" \/><\/a><\/figure>\n\n\n\n<figure class=\"wp-block-image size-large\"><a href=\"https:\/\/heimatvereinbersenbrueck.de\/wordpress\/wp-content\/uploads\/2024\/05\/Heimatverein-Maibaum-aufstellen.Foto-R.Rehkamp-35-scaled.jpg\"><img loading=\"lazy\" decoding=\"async\" width=\"960\" height=\"720\" data-id=\"2794\" src=\"https:\/\/heimatvereinbersenbrueck.de\/wordpress\/wp-content\/uploads\/2024\/05\/Heimatverein-Maibaum-aufstellen.Foto-R.Rehkamp-35-960x720.jpg\" alt=\"\" class=\"wp-image-2794\" srcset=\"https:\/\/heimatvereinbersenbrueck.de\/wordpress\/wp-content\/uploads\/2024\/05\/Heimatverein-Maibaum-aufstellen.Foto-R.Rehkamp-35-960x720.jpg 960w, https:\/\/heimatvereinbersenbrueck.de\/wordpress\/wp-content\/uploads\/2024\/05\/Heimatverein-Maibaum-aufstellen.Foto-R.Rehkamp-35-620x465.jpg 620w, https:\/\/heimatvereinbersenbrueck.de\/wordpress\/wp-content\/uploads\/2024\/05\/Heimatverein-Maibaum-aufstellen.Foto-R.Rehkamp-35-768x576.jpg 768w, https:\/\/heimatvereinbersenbrueck.de\/wordpress\/wp-content\/uploads\/2024\/05\/Heimatverein-Maibaum-aufstellen.Foto-R.Rehkamp-35-1536x1152.jpg 1536w, https:\/\/heimatvereinbersenbrueck.de\/wordpress\/wp-content\/uploads\/2024\/05\/Heimatverein-Maibaum-aufstellen.Foto-R.Rehkamp-35-2048x1536.jpg 2048w, https:\/\/heimatvereinbersenbrueck.de\/wordpress\/wp-content\/uploads\/2024\/05\/Heimatverein-Maibaum-aufstellen.Foto-R.Rehkamp-35-350x263.jpg 350w, https:\/\/heimatvereinbersenbrueck.de\/wordpress\/wp-content\/uploads\/2024\/05\/Heimatverein-Maibaum-aufstellen.Foto-R.Rehkamp-35-780x586.jpg 780w, https:\/\/heimatvereinbersenbrueck.de\/wordpress\/wp-content\/uploads\/2024\/05\/Heimatverein-Maibaum-aufstellen.Foto-R.Rehkamp-35-250x188.jpg 250w\" sizes=\"auto, (max-width: 960px) 100vw, 960px\" \/><\/a><figcaption class=\"wp-element-caption\">3<br><\/figcaption><\/figure>\n\n\n\n<figure class=\"wp-block-image size-large\"><a href=\"https:\/\/heimatvereinbersenbrueck.de\/wordpress\/wp-content\/uploads\/2024\/05\/Heimatverein-Maibaum-aufstellen.Foto-R.Rehkamp-14-scaled.jpg\"><img loading=\"lazy\" decoding=\"async\" width=\"960\" height=\"720\" data-id=\"2792\" src=\"https:\/\/heimatvereinbersenbrueck.de\/wordpress\/wp-content\/uploads\/2024\/05\/Heimatverein-Maibaum-aufstellen.Foto-R.Rehkamp-14-960x720.jpg\" alt=\"\" class=\"wp-image-2792\" srcset=\"https:\/\/heimatvereinbersenbrueck.de\/wordpress\/wp-content\/uploads\/2024\/05\/Heimatverein-Maibaum-aufstellen.Foto-R.Rehkamp-14-960x720.jpg 960w, https:\/\/heimatvereinbersenbrueck.de\/wordpress\/wp-content\/uploads\/2024\/05\/Heimatverein-Maibaum-aufstellen.Foto-R.Rehkamp-14-620x465.jpg 620w, https:\/\/heimatvereinbersenbrueck.de\/wordpress\/wp-content\/uploads\/2024\/05\/Heimatverein-Maibaum-aufstellen.Foto-R.Rehkamp-14-768x576.jpg 768w, https:\/\/heimatvereinbersenbrueck.de\/wordpress\/wp-content\/uploads\/2024\/05\/Heimatverein-Maibaum-aufstellen.Foto-R.Rehkamp-14-1536x1152.jpg 1536w, https:\/\/heimatvereinbersenbrueck.de\/wordpress\/wp-content\/uploads\/2024\/05\/Heimatverein-Maibaum-aufstellen.Foto-R.Rehkamp-14-2048x1536.jpg 2048w, https:\/\/heimatvereinbersenbrueck.de\/wordpress\/wp-content\/uploads\/2024\/05\/Heimatverein-Maibaum-aufstellen.Foto-R.Rehkamp-14-350x263.jpg 350w, https:\/\/heimatvereinbersenbrueck.de\/wordpress\/wp-content\/uploads\/2024\/05\/Heimatverein-Maibaum-aufstellen.Foto-R.Rehkamp-14-780x586.jpg 780w, https:\/\/heimatvereinbersenbrueck.de\/wordpress\/wp-content\/uploads\/2024\/05\/Heimatverein-Maibaum-aufstellen.Foto-R.Rehkamp-14-250x188.jpg 250w\" sizes=\"auto, (max-width: 960px) 100vw, 960px\" \/><\/a><figcaption class=\"wp-element-caption\">2<\/figcaption><\/figure>\n\n\n\n<figure class=\"wp-block-image size-large\"><a href=\"https:\/\/heimatvereinbersenbrueck.de\/wordpress\/wp-content\/uploads\/2024\/05\/Heimatverein-Maibaum-aufstellen.Foto-R.Rehkamp-21-scaled.jpg\"><img loading=\"lazy\" decoding=\"async\" width=\"960\" height=\"720\" data-id=\"2793\" src=\"https:\/\/heimatvereinbersenbrueck.de\/wordpress\/wp-content\/uploads\/2024\/05\/Heimatverein-Maibaum-aufstellen.Foto-R.Rehkamp-21-960x720.jpg\" alt=\"\" class=\"wp-image-2793\" srcset=\"https:\/\/heimatvereinbersenbrueck.de\/wordpress\/wp-content\/uploads\/2024\/05\/Heimatverein-Maibaum-aufstellen.Foto-R.Rehkamp-21-960x720.jpg 960w, https:\/\/heimatvereinbersenbrueck.de\/wordpress\/wp-content\/uploads\/2024\/05\/Heimatverein-Maibaum-aufstellen.Foto-R.Rehkamp-21-620x465.jpg 620w, https:\/\/heimatvereinbersenbrueck.de\/wordpress\/wp-content\/uploads\/2024\/05\/Heimatverein-Maibaum-aufstellen.Foto-R.Rehkamp-21-768x576.jpg 768w, https:\/\/heimatvereinbersenbrueck.de\/wordpress\/wp-content\/uploads\/2024\/05\/Heimatverein-Maibaum-aufstellen.Foto-R.Rehkamp-21-1536x1152.jpg 1536w, https:\/\/heimatvereinbersenbrueck.de\/wordpress\/wp-content\/uploads\/2024\/05\/Heimatverein-Maibaum-aufstellen.Foto-R.Rehkamp-21-2048x1536.jpg 2048w, https:\/\/heimatvereinbersenbrueck.de\/wordpress\/wp-content\/uploads\/2024\/05\/Heimatverein-Maibaum-aufstellen.Foto-R.Rehkamp-21-350x263.jpg 350w, https:\/\/heimatvereinbersenbrueck.de\/wordpress\/wp-content\/uploads\/2024\/05\/Heimatverein-Maibaum-aufstellen.Foto-R.Rehkamp-21-780x586.jpg 780w, https:\/\/heimatvereinbersenbrueck.de\/wordpress\/wp-content\/uploads\/2024\/05\/Heimatverein-Maibaum-aufstellen.Foto-R.Rehkamp-21-250x188.jpg 250w\" sizes=\"auto, (max-width: 960px) 100vw, 960px\" \/><\/a><\/figure>\n\n\n\n<figure class=\"wp-block-image size-large\"><a href=\"https:\/\/heimatvereinbersenbrueck.de\/wordpress\/wp-content\/uploads\/2024\/05\/Heimatverein-Maibaum-aufstellen.Foto-R.Rehkamp-56-scaled.jpg\"><img loading=\"lazy\" decoding=\"async\" width=\"960\" height=\"720\" data-id=\"2798\" src=\"https:\/\/heimatvereinbersenbrueck.de\/wordpress\/wp-content\/uploads\/2024\/05\/Heimatverein-Maibaum-aufstellen.Foto-R.Rehkamp-56-960x720.jpg\" alt=\"\" class=\"wp-image-2798\" srcset=\"https:\/\/heimatvereinbersenbrueck.de\/wordpress\/wp-content\/uploads\/2024\/05\/Heimatverein-Maibaum-aufstellen.Foto-R.Rehkamp-56-960x720.jpg 960w, https:\/\/heimatvereinbersenbrueck.de\/wordpress\/wp-content\/uploads\/2024\/05\/Heimatverein-Maibaum-aufstellen.Foto-R.Rehkamp-56-620x465.jpg 620w, https:\/\/heimatvereinbersenbrueck.de\/wordpress\/wp-content\/uploads\/2024\/05\/Heimatverein-Maibaum-aufstellen.Foto-R.Rehkamp-56-768x576.jpg 768w, https:\/\/heimatvereinbersenbrueck.de\/wordpress\/wp-content\/uploads\/2024\/05\/Heimatverein-Maibaum-aufstellen.Foto-R.Rehkamp-56-1536x1152.jpg 1536w, https:\/\/heimatvereinbersenbrueck.de\/wordpress\/wp-content\/uploads\/2024\/05\/Heimatverein-Maibaum-aufstellen.Foto-R.Rehkamp-56-2048x1536.jpg 2048w, https:\/\/heimatvereinbersenbrueck.de\/wordpress\/wp-content\/uploads\/2024\/05\/Heimatverein-Maibaum-aufstellen.Foto-R.Rehkamp-56-350x263.jpg 350w, https:\/\/heimatvereinbersenbrueck.de\/wordpress\/wp-content\/uploads\/2024\/05\/Heimatverein-Maibaum-aufstellen.Foto-R.Rehkamp-56-780x586.jpg 780w, https:\/\/heimatvereinbersenbrueck.de\/wordpress\/wp-content\/uploads\/2024\/05\/Heimatverein-Maibaum-aufstellen.Foto-R.Rehkamp-56-250x188.jpg 250w\" sizes=\"auto, (max-width: 960px) 100vw, 960px\" \/><\/a><\/figure>\n\n\n\n<figure class=\"wp-block-image size-large\"><a href=\"https:\/\/heimatvereinbersenbrueck.de\/wordpress\/wp-content\/uploads\/2024\/05\/Heimatverein-Maibaum-aufstellen.Foto-R.Rehkamp-55-scaled.jpg\"><img loading=\"lazy\" decoding=\"async\" width=\"960\" height=\"720\" data-id=\"2720\" src=\"https:\/\/heimatvereinbersenbrueck.de\/wordpress\/wp-content\/uploads\/2024\/05\/Heimatverein-Maibaum-aufstellen.Foto-R.Rehkamp-55-960x720.jpg\" alt=\"\" class=\"wp-image-2720\" srcset=\"https:\/\/heimatvereinbersenbrueck.de\/wordpress\/wp-content\/uploads\/2024\/05\/Heimatverein-Maibaum-aufstellen.Foto-R.Rehkamp-55-960x720.jpg 960w, https:\/\/heimatvereinbersenbrueck.de\/wordpress\/wp-content\/uploads\/2024\/05\/Heimatverein-Maibaum-aufstellen.Foto-R.Rehkamp-55-620x465.jpg 620w, https:\/\/heimatvereinbersenbrueck.de\/wordpress\/wp-content\/uploads\/2024\/05\/Heimatverein-Maibaum-aufstellen.Foto-R.Rehkamp-55-768x576.jpg 768w, https:\/\/heimatvereinbersenbrueck.de\/wordpress\/wp-content\/uploads\/2024\/05\/Heimatverein-Maibaum-aufstellen.Foto-R.Rehkamp-55-1536x1152.jpg 1536w, https:\/\/heimatvereinbersenbrueck.de\/wordpress\/wp-content\/uploads\/2024\/05\/Heimatverein-Maibaum-aufstellen.Foto-R.Rehkamp-55-2048x1536.jpg 2048w\" sizes=\"auto, (max-width: 960px) 100vw, 960px\" \/><\/a><\/figure>\n\n\n\n<figure class=\"wp-block-image size-large\"><a href=\"https:\/\/heimatvereinbersenbrueck.de\/wordpress\/wp-content\/uploads\/2024\/05\/Heimatverein-Maibaum-aufstellen.Foto-R.Rehkamp-12-scaled.jpg\"><img loading=\"lazy\" decoding=\"async\" width=\"960\" height=\"720\" data-id=\"2791\" src=\"https:\/\/heimatvereinbersenbrueck.de\/wordpress\/wp-content\/uploads\/2024\/05\/Heimatverein-Maibaum-aufstellen.Foto-R.Rehkamp-12-960x720.jpg\" alt=\"\" class=\"wp-image-2791\" srcset=\"https:\/\/heimatvereinbersenbrueck.de\/wordpress\/wp-content\/uploads\/2024\/05\/Heimatverein-Maibaum-aufstellen.Foto-R.Rehkamp-12-960x720.jpg 960w, https:\/\/heimatvereinbersenbrueck.de\/wordpress\/wp-content\/uploads\/2024\/05\/Heimatverein-Maibaum-aufstellen.Foto-R.Rehkamp-12-620x465.jpg 620w, https:\/\/heimatvereinbersenbrueck.de\/wordpress\/wp-content\/uploads\/2024\/05\/Heimatverein-Maibaum-aufstellen.Foto-R.Rehkamp-12-768x576.jpg 768w, https:\/\/heimatvereinbersenbrueck.de\/wordpress\/wp-content\/uploads\/2024\/05\/Heimatverein-Maibaum-aufstellen.Foto-R.Rehkamp-12-1536x1152.jpg 1536w, https:\/\/heimatvereinbersenbrueck.de\/wordpress\/wp-content\/uploads\/2024\/05\/Heimatverein-Maibaum-aufstellen.Foto-R.Rehkamp-12-2048x1536.jpg 2048w, https:\/\/heimatvereinbersenbrueck.de\/wordpress\/wp-content\/uploads\/2024\/05\/Heimatverein-Maibaum-aufstellen.Foto-R.Rehkamp-12-350x263.jpg 350w, https:\/\/heimatvereinbersenbrueck.de\/wordpress\/wp-content\/uploads\/2024\/05\/Heimatverein-Maibaum-aufstellen.Foto-R.Rehkamp-12-780x586.jpg 780w, https:\/\/heimatvereinbersenbrueck.de\/wordpress\/wp-content\/uploads\/2024\/05\/Heimatverein-Maibaum-aufstellen.Foto-R.Rehkamp-12-250x188.jpg 250w\" sizes=\"auto, (max-width: 960px) 100vw, 960px\" \/><\/a><\/figure>\n\n\n\n<figure class=\"wp-block-image size-large\"><a href=\"https:\/\/heimatvereinbersenbrueck.de\/wordpress\/wp-content\/uploads\/2024\/05\/Heimatverein-Maibaum-aufstellen.Foto-R.Rehkamp-46-scaled.jpg\"><img loading=\"lazy\" decoding=\"async\" width=\"960\" height=\"1280\" data-id=\"2796\" src=\"https:\/\/heimatvereinbersenbrueck.de\/wordpress\/wp-content\/uploads\/2024\/05\/Heimatverein-Maibaum-aufstellen.Foto-R.Rehkamp-46-960x1280.jpg\" alt=\"\" class=\"wp-image-2796\" srcset=\"https:\/\/heimatvereinbersenbrueck.de\/wordpress\/wp-content\/uploads\/2024\/05\/Heimatverein-Maibaum-aufstellen.Foto-R.Rehkamp-46-960x1280.jpg 960w, https:\/\/heimatvereinbersenbrueck.de\/wordpress\/wp-content\/uploads\/2024\/05\/Heimatverein-Maibaum-aufstellen.Foto-R.Rehkamp-46-620x827.jpg 620w, https:\/\/heimatvereinbersenbrueck.de\/wordpress\/wp-content\/uploads\/2024\/05\/Heimatverein-Maibaum-aufstellen.Foto-R.Rehkamp-46-768x1024.jpg 768w, https:\/\/heimatvereinbersenbrueck.de\/wordpress\/wp-content\/uploads\/2024\/05\/Heimatverein-Maibaum-aufstellen.Foto-R.Rehkamp-46-1152x1536.jpg 1152w, https:\/\/heimatvereinbersenbrueck.de\/wordpress\/wp-content\/uploads\/2024\/05\/Heimatverein-Maibaum-aufstellen.Foto-R.Rehkamp-46-1536x2048.jpg 1536w, https:\/\/heimatvereinbersenbrueck.de\/wordpress\/wp-content\/uploads\/2024\/05\/Heimatverein-Maibaum-aufstellen.Foto-R.Rehkamp-46-scaled.jpg 1920w\" sizes=\"auto, (max-width: 960px) 100vw, 960px\" \/><\/a><figcaption class=\"wp-element-caption\">4<br><\/figcaption><\/figure>\n<\/figure>\n","protected":false},"excerpt":{"rendered":"<p>Der Heimatverein Bersenbr\u00fcck pflegt unter anderem auch die Tradition des Maibaum Aufstellen in Verbindung mit einem geselligen Abend mit Musik f\u00fcr die Bev\u00f6lkerung in Bersenbr\u00fcck Impressionen vom Maibaum aufstellen 2024<\/p>\n","protected":false},"author":3,"featured_media":0,"parent":4096,"menu_order":0,"comment_status":"closed","ping_status":"closed","template":"","meta":{"pgc_sgb_lightbox_settings":"","_EventAllDay":false,"_EventTimezone":"","_EventStartDate":"","_EventEndDate":"","_EventStartDateUTC":"","_EventEndDateUTC":"","_EventShowMap":false,"_EventShowMapLink":false,"_EventURL":"","_EventCost":"","_EventCostDescription":"","_EventCurrencySymbol":"","_EventCurrencyCode":"","_EventCurrencyPosition":"","_EventDateTimeSeparator":"","_EventTimeRangeSeparator":"","_EventOrganizerID":[],"_EventVenueID":[],"_OrganizerEmail":"","_OrganizerPhone":"","_OrganizerWebsite":"","_VenueAddress":"","_VenueCity":"","_VenueCountry":"","_VenueProvince":"","_VenueState":"","_VenueZip":"","_VenuePhone":"","_VenueURL":"","_VenueStateProvince":"","_VenueLat":"","_VenueLng":"","_VenueShowMap":false,"_VenueShowMapLink":false,"footnotes":""},"class_list":["post-2782","page","type-page","status-publish","hentry"],"_links":{"self":[{"href":"https:\/\/heimatvereinbersenbrueck.de\/wordpress\/wp-json\/wp\/v2\/pages\/2782","targetHints":{"allow":["GET"]}}],"collection":[{"href":"https:\/\/heimatvereinbersenbrueck.de\/wordpress\/wp-json\/wp\/v2\/pages"}],"about":[{"href":"https:\/\/heimatvereinbersenbrueck.de\/wordpress\/wp-json\/wp\/v2\/types\/page"}],"author":[{"embeddable":true,"href":"https:\/\/heimatvereinbersenbrueck.de\/wordpress\/wp-json\/wp\/v2\/users\/3"}],"replies":[{"embeddable":true,"href":"https:\/\/heimatvereinbersenbrueck.de\/wordpress\/wp-json\/wp\/v2\/comments?post=2782"}],"version-history":[{"count":8,"href":"https:\/\/heimatvereinbersenbrueck.de\/wordpress\/wp-json\/wp\/v2\/pages\/2782\/revisions"}],"predecessor-version":[{"id":2841,"href":"https:\/\/heimatvereinbersenbrueck.de\/wordpress\/wp-json\/wp\/v2\/pages\/2782\/revisions\/2841"}],"up":[{"embeddable":true,"href":"https:\/\/heimatvereinbersenbrueck.de\/wordpress\/wp-json\/wp\/v2\/pages\/4096"}],"wp:attachment":[{"href":"https:\/\/heimatvereinbersenbrueck.de\/wordpress\/wp-json\/wp\/v2\/media?parent=2782"}],"curies":[{"name":"wp","href":"https:\/\/api.w.org\/{rel}","templated":true}]}}