{"id":62,"date":"2010-10-18T17:47:01","date_gmt":"2010-10-18T15:47:01","guid":{"rendered":"http:\/\/heimatvereinbersenbrueck.de\/wordpress\/?page_id=62"},"modified":"2024-10-02T12:21:14","modified_gmt":"2024-10-02T10:21:14","slug":"heimathaus-feldmuhle","status":"publish","type":"page","link":"https:\/\/heimatvereinbersenbrueck.de\/wordpress\/heimathaus-feldmuhle\/","title":{"rendered":"Heimathaus Feldm\u00fchle"},"content":{"rendered":"<p>Die \u201eFeldm\u00fchle\u201c Bersenbr\u00fcck, das jetzige Heimathaus des Heimatvereins Bersenbr\u00fcck, soll laut den historischen Unterlagen in fr\u00fcheren Jahren bei M\u00f6ller in Ahausen bei Ankum gelegen haben. Sie wurde zu einem unbekannten Zeitpunkt an den jetzigen Standort am Feldm\u00fchlenbach im Bersenbr\u00fccker Stadtteil Hertmann \u2013 Lohbeck verlegt. Sie ist die \u00e4lteste der Klosterm\u00fchlen des fr\u00fcheren Zisterzienserinnen-Klosters, das 1231 gegr\u00fcndet und 1787 aufgel\u00f6st wurde. \u00c4btissin von Moltke lie\u00df sie 1729 erneuern. Der M\u00fchlenbach aus Ahausen speiste fr\u00fcher den M\u00fchlenteich, dessen Wasser das Rad der \u201eFeldm\u00fchle\u201c trieben. Dieser M\u00fchlenteich war zwischenzeitlich trocken gelegt und diente als Reitplatz. Im Rahmen der Dorferneuerung konnte er wieder errichtet werden, eingebettet als Biotop in ein Naherholungsgebiet. Der Feldm\u00fchlenbach flie\u00dft weiter durch das Waldgebiet \u201eFreude\u201c und m\u00fcndet in die Hase.<br \/>\nDie \u201eFeldm\u00fchle\u201c als ehemalige Kornm\u00fchle wurde in Zusammenarbeit zwischen der Stadt Bersenbr\u00fcck, dem Heimatverein Bersenbr\u00fcck und dem F\u00f6rderverein \u201eHistorische Feldm\u00fchle\u201c restauriert. Die Ma\u00dfnahme konnte im Jahre 2003 abgeschlossen werden, nun dient die ehemalige M\u00fchle als Heimathaus des Heimatvereins. Sie erhielt wieder ein Wasserrad, so wie es einmal der Fall war. Zwischenzeitlich war eine Francis-Turbine mit liegender Welle eingebaut, Reste dieser Anlage wurden bei der Renovierung der M\u00fchle ausgebaut und warten auf eine m\u00f6gliche Konservierung.<br \/>\nIm Umfeld der \u201eFeldm\u00fchle\u201c wurde eine Remise errichtet, zwei M\u00fchlsteine sind erhalten geblieben. Das Heimathaus \u201eFeldm\u00fchle\u201c dient dem Heimatverein als Domizil mit B\u00fcro und Archivraum. Im Obergeschoss finden Sonderausstellungen statt, der Mitteltrakt steht f\u00fcr Versammlungen und kulturelle Veranstaltungen zur Verf\u00fcgung, im Untergeschoss wurde in Zusammenarbeit mit dem Wasserverband Bersenbr\u00fcck eine Dauer-Ausstellung zum Thema \u201eWasser\u201c und \u201eM\u00fchlen\u201c installiert, ein kleines Kraftwerk produziert mit Hilfe des Wasserrades Strom.<br \/>\nIm Umfeld des Heimathauses wurde ein Insekten-Hotel aufgestellt sowie eine Streuobst- und Wildblumenwiese angelegt. Am Feldm\u00fchlenteich werden j\u00e4hrlich die \u201eB\u00e4ume des Jahres\u201c gepflanzt. Im W\u00e4ldchen hinter dem Heimathaus und am Heimathaus wurden Nistk\u00e4sten f\u00fcr H\u00f6hlen- und Halbh\u00f6hlenbr\u00fcter aufgeh\u00e4ngt, auf der Wiese am Feldm\u00fchlenteich stehen Ansitzpf\u00e4hle f\u00fcr Greifv\u00f6gel. Zwei \u201eFriedensb\u00e4ume\u201c (Blutbuche und Winterlinde) \u2013 Muslimegemeinschaft Osnabr\u00fcck und Heimatkreis Greifenhagen\/Pommern \u2013 sowie ein Apfelbaum des Freundeskreises Tintaniac\/Frankreich wurden gepflanzt. Unter der m\u00e4chtigen \u201ePommerneiche\u201c erinnert ein Gedenkstein an die Verbindung Heimatverein-Heimatkreis Greifenhagen\/Pommern, ein geschnitztes Schild am Heimathaus weist auf \u201e60 Jahre Heimatvertriebene\u201c hin. Eine E-Bike Ladestation befindet sich an der Remise. Ein Schild am Giebel des Heimathauses weist auf die Zugeh\u00f6rigkeit des Heimatvereins zur M\u00fchlenvereinigung Niedersachsen\/Bremen hin. Weitere Projekte sind in Planung, so dass das Heimathaus einer st\u00e4ndigen Ausgestaltung unterliegt.<\/p>\n<p><strong>F\u00fcr besondere Feiern kann das Heimathaus gemietet werden.<\/strong><\/p>\n<p>Franz Buitmann<\/p>\n\n\t\t<style type=\"text\/css\">\n\t\t\t#gallery-1 {\n\t\t\t\tmargin: auto;\n\t\t\t}\n\t\t\t#gallery-1 .gallery-item {\n\t\t\t\tfloat: left;\n\t\t\t\tmargin-top: 10px;\n\t\t\t\ttext-align: center;\n\t\t\t\twidth: 33%;\n\t\t\t}\n\t\t\t#gallery-1 img {\n\t\t\t\tborder: 2px solid #cfcfcf;\n\t\t\t}\n\t\t\t#gallery-1 .gallery-caption {\n\t\t\t\tmargin-left: 0;\n\t\t\t}\n\t\t\t\/* see gallery_shortcode() in wp-includes\/media.php *\/\n\t\t<\/style>\n\t\t<div id='gallery-1' class='gallery galleryid-62 gallery-columns-3 gallery-size-thumbnail'><dl class='gallery-item'>\n\t\t\t<dt class='gallery-icon landscape'>\n\t\t\t\t<a href='https:\/\/heimatvereinbersenbrueck.de\/wordpress\/wp-content\/uploads\/2010\/10\/P1000258.jpg'><img loading=\"lazy\" decoding=\"async\" width=\"150\" height=\"150\" src=\"https:\/\/heimatvereinbersenbrueck.de\/wordpress\/wp-content\/uploads\/2010\/10\/P1000258-150x150.jpg\" class=\"attachment-thumbnail size-thumbnail\" alt=\"\" \/><\/a>\n\t\t\t<\/dt><\/dl><dl class='gallery-item'>\n\t\t\t<dt class='gallery-icon portrait'>\n\t\t\t\t<a href='https:\/\/heimatvereinbersenbrueck.de\/wordpress\/wp-content\/uploads\/2010\/10\/P1000260.jpg'><img loading=\"lazy\" decoding=\"async\" width=\"150\" height=\"150\" src=\"https:\/\/heimatvereinbersenbrueck.de\/wordpress\/wp-content\/uploads\/2010\/10\/P1000260-150x150.jpg\" class=\"attachment-thumbnail size-thumbnail\" alt=\"\" \/><\/a>\n\t\t\t<\/dt><\/dl><dl class='gallery-item'>\n\t\t\t<dt class='gallery-icon landscape'>\n\t\t\t\t<a href='https:\/\/heimatvereinbersenbrueck.de\/wordpress\/wp-content\/uploads\/2010\/10\/Heimathaus-Feldm\u00fchle-M\u00fchlentag.jpg'><img loading=\"lazy\" decoding=\"async\" width=\"150\" height=\"150\" src=\"https:\/\/heimatvereinbersenbrueck.de\/wordpress\/wp-content\/uploads\/2010\/10\/Heimathaus-Feldm\u00fchle-M\u00fchlentag-150x150.jpg\" class=\"attachment-thumbnail size-thumbnail\" alt=\"\" \/><\/a>\n\t\t\t<\/dt><\/dl><br style=\"clear: both\" \/><dl class='gallery-item'>\n\t\t\t<dt class='gallery-icon landscape'>\n\t\t\t\t<a href='https:\/\/heimatvereinbersenbrueck.de\/wordpress\/wp-content\/uploads\/2010\/10\/P1000257.jpg'><img loading=\"lazy\" decoding=\"async\" width=\"150\" height=\"150\" src=\"https:\/\/heimatvereinbersenbrueck.de\/wordpress\/wp-content\/uploads\/2010\/10\/P1000257-150x150.jpg\" class=\"attachment-thumbnail size-thumbnail\" alt=\"\" \/><\/a>\n\t\t\t<\/dt><\/dl><dl class='gallery-item'>\n\t\t\t<dt class='gallery-icon landscape'>\n\t\t\t\t<a href='https:\/\/heimatvereinbersenbrueck.de\/wordpress\/wp-content\/uploads\/2010\/10\/P1000256.jpg'><img loading=\"lazy\" decoding=\"async\" width=\"150\" height=\"150\" src=\"https:\/\/heimatvereinbersenbrueck.de\/wordpress\/wp-content\/uploads\/2010\/10\/P1000256-150x150.jpg\" class=\"attachment-thumbnail size-thumbnail\" alt=\"\" \/><\/a>\n\t\t\t<\/dt><\/dl><dl class='gallery-item'>\n\t\t\t<dt class='gallery-icon landscape'>\n\t\t\t\t<a href='https:\/\/heimatvereinbersenbrueck.de\/wordpress\/wp-content\/uploads\/2010\/10\/Heimatverein-BSB-Winterwanderung-2.jpg'><img loading=\"lazy\" decoding=\"async\" width=\"150\" height=\"150\" src=\"https:\/\/heimatvereinbersenbrueck.de\/wordpress\/wp-content\/uploads\/2010\/10\/Heimatverein-BSB-Winterwanderung-2-150x150.jpg\" class=\"attachment-thumbnail size-thumbnail\" alt=\"\" \/><\/a>\n\t\t\t<\/dt><\/dl><br style=\"clear: both\" \/><dl class='gallery-item'>\n\t\t\t<dt class='gallery-icon portrait'>\n\t\t\t\t<a href='https:\/\/heimatvereinbersenbrueck.de\/wordpress\/wp-content\/uploads\/2010\/10\/E-Bike-Ladestation.jpg'><img loading=\"lazy\" decoding=\"async\" width=\"150\" height=\"150\" src=\"https:\/\/heimatvereinbersenbrueck.de\/wordpress\/wp-content\/uploads\/2010\/10\/E-Bike-Ladestation-150x150.jpg\" class=\"attachment-thumbnail size-thumbnail\" alt=\"\" \/><\/a>\n\t\t\t<\/dt><\/dl><dl class='gallery-item'>\n\t\t\t<dt class='gallery-icon landscape'>\n\t\t\t\t<a href='https:\/\/heimatvereinbersenbrueck.de\/wordpress\/wp-content\/uploads\/2010\/10\/Heimathaus-Feldm\u00fchle.jpg'><img loading=\"lazy\" decoding=\"async\" width=\"150\" height=\"150\" src=\"https:\/\/heimatvereinbersenbrueck.de\/wordpress\/wp-content\/uploads\/2010\/10\/Heimathaus-Feldm\u00fchle-150x150.jpg\" class=\"attachment-thumbnail size-thumbnail\" alt=\"\" \/><\/a>\n\t\t\t<\/dt><\/dl><dl class='gallery-item'>\n\t\t\t<dt class='gallery-icon landscape'>\n\t\t\t\t<a href='https:\/\/heimatvereinbersenbrueck.de\/wordpress\/wp-content\/uploads\/2010\/10\/P1000255.jpg'><img loading=\"lazy\" decoding=\"async\" width=\"150\" height=\"150\" src=\"https:\/\/heimatvereinbersenbrueck.de\/wordpress\/wp-content\/uploads\/2010\/10\/P1000255-150x150.jpg\" class=\"attachment-thumbnail size-thumbnail\" alt=\"\" \/><\/a>\n\t\t\t<\/dt><\/dl><br style=\"clear: both\" \/><dl class='gallery-item'>\n\t\t\t<dt class='gallery-icon landscape'>\n\t\t\t\t<a href='https:\/\/heimatvereinbersenbrueck.de\/wordpress\/wp-content\/uploads\/2010\/10\/P1000262.jpg'><img loading=\"lazy\" decoding=\"async\" width=\"150\" height=\"150\" src=\"https:\/\/heimatvereinbersenbrueck.de\/wordpress\/wp-content\/uploads\/2010\/10\/P1000262-150x150.jpg\" class=\"attachment-thumbnail size-thumbnail\" alt=\"\" \/><\/a>\n\t\t\t<\/dt><\/dl><dl class='gallery-item'>\n\t\t\t<dt class='gallery-icon landscape'>\n\t\t\t\t<a href='https:\/\/heimatvereinbersenbrueck.de\/wordpress\/wp-content\/uploads\/2010\/10\/P1000259.jpg'><img loading=\"lazy\" decoding=\"async\" width=\"150\" height=\"150\" src=\"https:\/\/heimatvereinbersenbrueck.de\/wordpress\/wp-content\/uploads\/2010\/10\/P1000259-150x150.jpg\" class=\"attachment-thumbnail size-thumbnail\" alt=\"\" \/><\/a>\n\t\t\t<\/dt><\/dl>\n\t\t\t<br style='clear: both' \/>\n\t\t<\/div>\n\n","protected":false},"excerpt":{"rendered":"<p>Die \u201eFeldm\u00fchle\u201c Bersenbr\u00fcck, das jetzige Heimathaus des Heimatvereins Bersenbr\u00fcck, soll laut den historischen Unterlagen in fr\u00fcheren Jahren bei M\u00f6ller in Ahausen bei Ankum gelegen haben. Sie wurde zu einem unbekannten Zeitpunkt an den jetzigen Standort am Feldm\u00fchlenbach im Bersenbr\u00fccker Stadtteil Hertmann \u2013 Lohbeck verlegt. Sie ist die \u00e4lteste der Klosterm\u00fchlen des fr\u00fcheren Zisterzienserinnen-Klosters, das 1231 gegr\u00fcndet und 1787 aufgel\u00f6st wurde. <a class=\"more-link\" href=\"https:\/\/heimatvereinbersenbrueck.de\/wordpress\/heimathaus-feldmuhle\/\">&lt;weiterlesen&#8230;<\/a><\/p>\n","protected":false},"author":3,"featured_media":0,"parent":0,"menu_order":3,"comment_status":"closed","ping_status":"closed","template":"","meta":{"pgc_sgb_lightbox_settings":"","_EventAllDay":false,"_EventTimezone":"","_EventStartDate":"","_EventEndDate":"","_EventStartDateUTC":"","_EventEndDateUTC":"","_EventShowMap":false,"_EventShowMapLink":false,"_EventURL":"","_EventCost":"","_EventCostDescription":"","_EventCurrencySymbol":"","_EventCurrencyCode":"","_EventCurrencyPosition":"","_EventDateTimeSeparator":"","_EventTimeRangeSeparator":"","_EventOrganizerID":[],"_EventVenueID":[],"_OrganizerEmail":"","_OrganizerPhone":"","_OrganizerWebsite":"","_VenueAddress":"","_VenueCity":"","_VenueCountry":"","_VenueProvince":"","_VenueState":"","_VenueZip":"","_VenuePhone":"","_VenueURL":"","_VenueStateProvince":"","_VenueLat":"","_VenueLng":"","_VenueShowMap":false,"_VenueShowMapLink":false,"footnotes":""},"class_list":["post-62","page","type-page","status-publish","hentry"],"_links":{"self":[{"href":"https:\/\/heimatvereinbersenbrueck.de\/wordpress\/wp-json\/wp\/v2\/pages\/62","targetHints":{"allow":["GET"]}}],"collection":[{"href":"https:\/\/heimatvereinbersenbrueck.de\/wordpress\/wp-json\/wp\/v2\/pages"}],"about":[{"href":"https:\/\/heimatvereinbersenbrueck.de\/wordpress\/wp-json\/wp\/v2\/types\/page"}],"author":[{"embeddable":true,"href":"https:\/\/heimatvereinbersenbrueck.de\/wordpress\/wp-json\/wp\/v2\/users\/3"}],"replies":[{"embeddable":true,"href":"https:\/\/heimatvereinbersenbrueck.de\/wordpress\/wp-json\/wp\/v2\/comments?post=62"}],"version-history":[{"count":9,"href":"https:\/\/heimatvereinbersenbrueck.de\/wordpress\/wp-json\/wp\/v2\/pages\/62\/revisions"}],"predecessor-version":[{"id":3184,"href":"https:\/\/heimatvereinbersenbrueck.de\/wordpress\/wp-json\/wp\/v2\/pages\/62\/revisions\/3184"}],"wp:attachment":[{"href":"https:\/\/heimatvereinbersenbrueck.de\/wordpress\/wp-json\/wp\/v2\/media?parent=62"}],"curies":[{"name":"wp","href":"https:\/\/api.w.org\/{rel}","templated":true}]}}

Heimathaus Feldmühle

<p>Die „Feldmühle“ Bersenbrück, das jetzige Heimathaus des Heimatvereins Bersenbrück, soll laut den historischen Unterlagen in früheren Jahren bei Möller in Ahausen bei Ankum gelegen haben. Sie wurde zu einem unbekannten Zeitpunkt an den jetzigen Standort am Feldmühlenbach im Bersenbrücker Stadtteil Hertmann – Lohbeck verlegt. Sie ist die älteste der Klostermühlen des früheren Zisterzienserinnen-Klosters, das 1231 gegründet und 1787 aufgelöst wurde. Äbtissin von Moltke ließ sie 1729 erneuern. Der Mühlenbach aus Ahausen speiste früher den Mühlenteich, dessen Wasser das Rad der „Feldmühle“ trieben. Dieser Mühlenteich war zwischenzeitlich trocken gelegt und diente als Reitplatz. Im Rahmen der Dorferneuerung konnte er wieder errichtet werden, eingebettet als Biotop in ein Naherholungsgebiet. Der Feldmühlenbach fließt weiter durch das Waldgebiet „Freude“ und mündet in die Hase.<br />
Die „Feldmühle“ als ehemalige Kornmühle wurde in Zusammenarbeit zwischen der Stadt Bersenbrück, dem Heimatverein Bersenbrück und dem Förderverein „Historische Feldmühle“ restauriert. Die Maßnahme konnte im Jahre 2003 abgeschlossen werden, nun dient die ehemalige Mühle als Heimathaus des Heimatvereins. Sie erhielt wieder ein Wasserrad, so wie es einmal der Fall war. Zwischenzeitlich war eine Francis-Turbine mit liegender Welle eingebaut, Reste dieser Anlage wurden bei der Renovierung der Mühle ausgebaut und warten auf eine mögliche Konservierung.<br />
Im Umfeld der „Feldmühle“ wurde eine Remise errichtet, zwei Mühlsteine sind erhalten geblieben. Das Heimathaus „Feldmühle“ dient dem Heimatverein als Domizil mit Büro und Archivraum. Im Obergeschoss finden Sonderausstellungen statt, der Mitteltrakt steht für Versammlungen und kulturelle Veranstaltungen zur Verfügung, im Untergeschoss wurde in Zusammenarbeit mit dem Wasserverband Bersenbrück eine Dauer-Ausstellung zum Thema „Wasser“ und „Mühlen“ installiert, ein kleines Kraftwerk produziert mit Hilfe des Wasserrades Strom.<br />
Im Umfeld des Heimathauses wurde ein Insekten-Hotel aufgestellt sowie eine Streuobst- und Wildblumenwiese angelegt. Am Feldmühlenteich werden jährlich die „Bäume des Jahres“ gepflanzt. Im Wäldchen hinter dem Heimathaus und am Heimathaus wurden Nistkästen für Höhlen- und Halbhöhlenbrüter aufgehängt, auf der Wiese am Feldmühlenteich stehen Ansitzpfähle für Greifvögel. Zwei „Friedensbäume“ (Blutbuche und Winterlinde) – Muslimegemeinschaft Osnabrück und Heimatkreis Greifenhagen/Pommern – sowie ein Apfelbaum des Freundeskreises Tintaniac/Frankreich wurden gepflanzt. Unter der mächtigen „Pommerneiche“ erinnert ein Gedenkstein an die Verbindung Heimatverein-Heimatkreis Greifenhagen/Pommern, ein geschnitztes Schild am Heimathaus weist auf „60 Jahre Heimatvertriebene“ hin. Eine E-Bike Ladestation befindet sich an der Remise. Ein Schild am Giebel des Heimathauses weist auf die Zugehörigkeit des Heimatvereins zur Mühlenvereinigung Niedersachsen/Bremen hin. Weitere Projekte sind in Planung, so dass das Heimathaus einer ständigen Ausgestaltung unterliegt.</p>
<p><strong>Für besondere Feiern kann das Heimathaus gemietet werden.</strong></p>
<p>Franz Buitmann</p>

		<style type="text/css">
			#gallery-1 {
				margin: auto;
			}
			#gallery-1 .gallery-item {
				float: left;
				margin-top: 10px;
				text-align: center;
				width: 33%;
			}
			#gallery-1 img {
				border: 2px solid #cfcfcf;
			}
			#gallery-1 .gallery-caption {
				margin-left: 0;
			}
			/* see gallery_shortcode() in wp-includes/media.php */
		</style>
		<div id='gallery-1' class='gallery galleryid-62 gallery-columns-3 gallery-size-thumbnail'><dl class='gallery-item'>
			<dt class='gallery-icon landscape'>
				<a href='https://heimatvereinbersenbrueck.de/wordpress/wp-content/uploads/2010/10/P1000258.jpg'><img loading="lazy" decoding="async" width="150" height="150" src="https://heimatvereinbersenbrueck.de/wordpress/wp-content/uploads/2010/10/P1000258-150x150.jpg" class="attachment-thumbnail size-thumbnail" alt="" /></a>
			</dt></dl><dl class='gallery-item'>
			<dt class='gallery-icon portrait'>
				<a href='https://heimatvereinbersenbrueck.de/wordpress/wp-content/uploads/2010/10/P1000260.jpg'><img loading="lazy" decoding="async" width="150" height="150" src="https://heimatvereinbersenbrueck.de/wordpress/wp-content/uploads/2010/10/P1000260-150x150.jpg" class="attachment-thumbnail size-thumbnail" alt="" /></a>
			</dt></dl><dl class='gallery-item'>
			<dt class='gallery-icon landscape'>
				<a href='https://heimatvereinbersenbrueck.de/wordpress/wp-content/uploads/2010/10/Heimathaus-Feldmühle-Mühlentag.jpg'><img loading="lazy" decoding="async" width="150" height="150" src="https://heimatvereinbersenbrueck.de/wordpress/wp-content/uploads/2010/10/Heimathaus-Feldmühle-Mühlentag-150x150.jpg" class="attachment-thumbnail size-thumbnail" alt="" /></a>
			</dt></dl><br style="clear: both" /><dl class='gallery-item'>
			<dt class='gallery-icon landscape'>
				<a href='https://heimatvereinbersenbrueck.de/wordpress/wp-content/uploads/2010/10/P1000257.jpg'><img loading="lazy" decoding="async" width="150" height="150" src="https://heimatvereinbersenbrueck.de/wordpress/wp-content/uploads/2010/10/P1000257-150x150.jpg" class="attachment-thumbnail size-thumbnail" alt="" /></a>
			</dt></dl><dl class='gallery-item'>
			<dt class='gallery-icon landscape'>
				<a href='https://heimatvereinbersenbrueck.de/wordpress/wp-content/uploads/2010/10/P1000256.jpg'><img loading="lazy" decoding="async" width="150" height="150" src="https://heimatvereinbersenbrueck.de/wordpress/wp-content/uploads/2010/10/P1000256-150x150.jpg" class="attachment-thumbnail size-thumbnail" alt="" /></a>
			</dt></dl><dl class='gallery-item'>
			<dt class='gallery-icon landscape'>
				<a href='https://heimatvereinbersenbrueck.de/wordpress/wp-content/uploads/2010/10/Heimatverein-BSB-Winterwanderung-2.jpg'><img loading="lazy" decoding="async" width="150" height="150" src="https://heimatvereinbersenbrueck.de/wordpress/wp-content/uploads/2010/10/Heimatverein-BSB-Winterwanderung-2-150x150.jpg" class="attachment-thumbnail size-thumbnail" alt="" /></a>
			</dt></dl><br style="clear: both" /><dl class='gallery-item'>
			<dt class='gallery-icon portrait'>
				<a href='https://heimatvereinbersenbrueck.de/wordpress/wp-content/uploads/2010/10/E-Bike-Ladestation.jpg'><img loading="lazy" decoding="async" width="150" height="150" src="https://heimatvereinbersenbrueck.de/wordpress/wp-content/uploads/2010/10/E-Bike-Ladestation-150x150.jpg" class="attachment-thumbnail size-thumbnail" alt="" /></a>
			</dt></dl><dl class='gallery-item'>
			<dt class='gallery-icon landscape'>
				<a href='https://heimatvereinbersenbrueck.de/wordpress/wp-content/uploads/2010/10/Heimathaus-Feldmühle.jpg'><img loading="lazy" decoding="async" width="150" height="150" src="https://heimatvereinbersenbrueck.de/wordpress/wp-content/uploads/2010/10/Heimathaus-Feldmühle-150x150.jpg" class="attachment-thumbnail size-thumbnail" alt="" /></a>
			</dt></dl><dl class='gallery-item'>
			<dt class='gallery-icon landscape'>
				<a href='https://heimatvereinbersenbrueck.de/wordpress/wp-content/uploads/2010/10/P1000255.jpg'><img loading="lazy" decoding="async" width="150" height="150" src="https://heimatvereinbersenbrueck.de/wordpress/wp-content/uploads/2010/10/P1000255-150x150.jpg" class="attachment-thumbnail size-thumbnail" alt="" /></a>
			</dt></dl><br style="clear: both" /><dl class='gallery-item'>
			<dt class='gallery-icon landscape'>
				<a href='https://heimatvereinbersenbrueck.de/wordpress/wp-content/uploads/2010/10/P1000262.jpg'><img loading="lazy" decoding="async" width="150" height="150" src="https://heimatvereinbersenbrueck.de/wordpress/wp-content/uploads/2010/10/P1000262-150x150.jpg" class="attachment-thumbnail size-thumbnail" alt="" /></a>
			</dt></dl><dl class='gallery-item'>
			<dt class='gallery-icon landscape'>
				<a href='https://heimatvereinbersenbrueck.de/wordpress/wp-content/uploads/2010/10/P1000259.jpg'><img loading="lazy" decoding="async" width="150" height="150" src="https://heimatvereinbersenbrueck.de/wordpress/wp-content/uploads/2010/10/P1000259-150x150.jpg" class="attachment-thumbnail size-thumbnail" alt="" /></a>
			</dt></dl>
			<br style='clear: both' />
		</div>

<p>Die „Feldmühle“ Bersenbrück, das jetzige Heimathaus des Heimatvereins Bersenbrück, soll laut den historischen Unterlagen in früheren Jahren bei Möller in Ahausen bei Ankum gelegen haben. Sie wurde zu einem unbekannten Zeitpunkt an den jetzigen Standort am Feldmühlenbach im Bersenbrücker Stadtteil Hertmann – Lohbeck verlegt. Sie ist die älteste der Klostermühlen des früheren Zisterzienserinnen-Klosters, das 1231 gegründet und 1787 aufgelöst wurde. <a class="more-link" href="https://heimatvereinbersenbrueck.de/wordpress/heimathaus-feldmuhle/">&lt;weiterlesen&#8230;</a></p>
